e -12*d - 22*d = 612. Calculate o(d).
-11
Let p(c) = c**2 - 11*c + 2. Let z(l) = l - 1. Let o(s) = p(s) + 5*z(s). Let g(j) = -285*j**2 + 21*j + 21. Let u be g(-1). Let t = 291 + u. What is o(t)?
-3
Let c(u) = -2*u + 40. Let t be c(19). Suppose -3*b - 7 = 4*d - 65, t = b. Let n(s) = d*s + 387 - 387. What is n(1)?
13
Let l(h) be the first derivative of 2*h**3/3 - 17*h**2/2 + 4*h + 3258. Determine l(7).
-17
Suppose 5*v - 3*f = 9, 2 = -f + 2*f. Let j(o) = -2*o - 7*o**2 + 0*o - 4 + 6*o + o**v + 2*o. Give j(6).
-4
Let v(i) = -18*i - 906. Let p be v(-50). Let z(j) = j**2 + 10*j + 8. Calculate z(p).
-16
Let j(m) = -m**2 - 15*m + 14. Let b = -418 - -423. Let o be (-4)/(-30)*b + (-423)/27. What is j(o)?
14
Suppose -18*q + 16*q + 12 = 0. Let n(j) = -41 - 5*j**2 - 46 + 122 - 40 - q*j + j**3. Let k be -4 + 2/2 - -9. Calculate n(k).
-5
Let o(b) = 9*b - 12. Let j(p) = -19*p + 27. Let q(u) = 6*j(u) + 13*o(u). Let r(m) = m**3 + 12*m**2 + 10*m - 3. Let s be r(-11). Let c = s - 3. Calculate q(c).
21
Let z(t) = t**2 + 2*t + 3. Let u(p) = -p**2 - 2*p - 3. Let w(x) = -2*u(x) - 3*z(x). Let c be -30 + 8/22*77. Give w(c).
-3
Suppose 3*d + 5*r + 24 = 0, 0 = 2*d - 5*r + 17 - 1. Let u be (d - (-15)/3 - -15)/2. Let k(z) = -z**2 + 8*z - 3. What is k(u)?
9
Suppose -9*t - 95 = -4*t + 2*m, -5*t - 95 = -2*m. Let x(c) = -c**3 - 18*c**2 + 19*c - 18. Determine x(t).
-18
Let u(p) = 2*p**2 - 2*p - 2. Let z(t) = 39*t**2 - 5 - 33*t**2 - 4*t + t. Let x be z(-2). Let i = x - 23. Determine u(i).
2
Let s(c) = 5*c + 2. Let i(a) = -39*a - 14. Let p(r) = i(r) + 8*s(r). Suppose f = -0*f - 3*f. What is p(f)?
2
Let p(u) = -3*u + 52. Let n(w) = -47*w + 160. Let a be n(3). Give p(a).
-5
Let b be (-185)/(-6) + 135/(-162). Suppose -4*m - b = -a - 18, 0 = 5*m + 3*a + 15. Let c(p) = -3*p**2 + 4 + p**3 - 2*p**3 + 0*p**3 + p. Determine c(m).
1
Let v(a) = 2*a + 287 + 290 + 289 - 862 - 6*a. Let u(b) = b + 11. Let q be u(-7). Give v(q).
-12
Suppose -13*k = -10*k - 3*x + 21, 3*k - x + 15 = 0. Let l(p) be the third derivative of -p**6/120 - p**5/15 + p**4/8 + p**3/3 + 15*p**2. Give l(k).
-10
Let n = -778 - -787. Let v(f) = -4*f**2 + 33*f + 9. Let i(c) = c**2 - 8*c - 2. Suppose 5*g - 7 = 3. Let w(d) = g*v(d) + n*i(d). Give w(5).
-5
Let l = -155 - -157. Let i(y) = 8*y - 7*y**2 - 12*y**2 + l + 20*y**2. What is i(-10)?
22
Let b be (-604)/(-36) - 2/(-9). Suppose -3*f + 3*q - 4*q + 23 = 0, -44 = -4*f + 2*q. Let x(z) = z**2 - 1 + 18*z**3 - 2 - b*z**3 - f. Determine x(0).
-12
Let p(o) = -o**2 + 40*o - 85. Suppose -331*k + 301*k = -1140. Determine p(k).
-9
Let y(c) = c + 5. Suppose -5*z = 2*q - 913, 3*z - 5*z = 2*q - 370. Let v = 178 - z. Give y(v).
2
Let s = -1 - -3. Let z = 11122 - 11120. Suppose 3*c = 2*n, 2*c + s*n = -12 + z. Let t(y) = 12*y + 2. Determine t(c).
-22
Let z(i) be the third derivative of -i**6/120 + i**5/6 + 13*i**4/12 - 14*i**3/3 + i**2 - 29*i. Calculate z(12).
-4
Suppose 4*n + 5*l - 10 = 0, 5*n + 8*l = 10*l + 29. Suppose 2 = 3*z - 5*z - f, -n*f = -2*z + 10. Let c(g) = g**3 + g**2 - 2. What is c(z)?
-2
Let k(b) = -b**2 + 11*b - 11. Suppose 9*p + 2790 = -306. Let j = p - -354. Give k(j).
-1
Suppose 723 = 15*u + 603. Let r(p) = -2*p**2 + 3*p + 19. What is r(u)?
-85
Let b(h) = h + 18. Let p(i) = -i**3 + 31*i**2 - 32*i + 51. Let m be 30*(4 - 7 - 20/(-5)). Let n be p(m). What is b(n)?
9
Let k(v) = 32*v - 383. Let x be (-84)/260 - 4/(-10) - (-2170)/182. Determine k(x).
1
Let h(w) = -2 + 337*w**2 - w**3 + 1 - 170*w**2 - 162*w**2. Suppose 3*l - 21 = -6. Calculate h(l).
-1
Let x(a) = -29*a**2 - 59*a + 172. Let l(c) = 9*c**2 + 20*c - 57. Let y(j) = -13*l(j) - 4*x(j). Let d be y(-26). Let i(o) = 9*o - 9. Determine i(d).
0
Suppose 3 = -3*o, -7*o - 19 = -5*r - 3*o. Let h(u) = 3*u**2 - 2*u**3 - u**3 + 3*u**r - 1 - u**3. Let a(w) = -w**2 + 19*w + 3. Let d be a(0). Give h(d).
-1
Suppose 69*g + g = 0. Let r(q) = 2*q - 16. Determine r(g).
-16
Let f(c) = 4*c**3 - 4*c + 1. Suppose 3*j + 7*h + 7 = 8*h, 3*h = -3*j - 3. Calculate f(j).
-23
Let n(h) = h**2 + 7*h + 11. Suppose -390*t + 408*t = -99 + 9. Give n(t).
1
Let t be (-494)/70 - 662/(-11585). Let n(j) = -j**3 - 7*j**2 - j + 5. Give n(t).
12
Let u(y) = -y**2 - 13*y - 4. Let g(f) = 28*f + 217. Let w be g(-7). Suppose 3*k + 35 = -44*z + 40*z, 0 = 2*k + 5*z + w. Determine u(k).
-4
Let w(i) = 2*i - 4. Suppose 15 + 56 = -b. Suppose -t + 8*p - 56 = 6*p, -3*t + 5*p - 173 = 0. Let u = t - b. Determine w(u).
6
Let v = 11 + -3. Let l(m) = 3 + 3*m**2 - 157*m - 11 + 67*m + 80*m. Let p(w) = w**2 - w + 1. Let u(g) = -l(g) + 2*p(g). Calculate u(v).
10
Let t(u) = 20*u - 24 + 29124672*u**2 - 29124661*u**2 + 3. Give t(1).
10
Let n(i) = i + 9. Suppose -9*c = -6*c. Suppose c = -2*g + 5*g - 12. Let x be (0 + g)/((-10)/20). What is n(x)?
1
Let n(k) = -k**2 - 9*k + 13. Suppose 0 = 25*v - 1606 - 1369. Let z = 110 - v. What is n(z)?
13
Let y(d) be the third derivative of -d**4/24 - d**3/2 - 2*d**2. Let z be y(-5). Let o(f) = -20*f + 0*f + 16*f + 3*f - 3 + 1. Give o(z).
-4
Let x(p) = -p**2 - 7*p + 8. Let t(u) = u + 3. Let f be t(-6). Let m(n) = n**3 + 4*n**2 + 4*n - 5. Let a be m(f). Give x(a).
0
Suppose 4*u - 44 = -4*h, -5*h + u + 225 = 182. Let s(k) = -k**3 + 14*k**2 - 42*k - 20. Give s(h).
7
Let n(g) = 5 - 5*g - 3*g**2 - 1 - 1. Let w be ((-2)/(-6) + 180/(-54))/(-4 - -5). Let y be n(w). Let z(m) = -2*m - 11. Determine z(y).
7
Let z(x) = -136*x - 18. Let a be z(-3). Let l(h) = 4 + 382*h - 4 - a*h - h**2 - 2. Calculate l(-8).
-2
Let d(c) = 2*c**2 + 56*c - 71. Suppose -1012*v + 906*v - 3074 = 0. Calculate d(v).
-13
Let y(n) be the third derivative of n**6/120 - n**5/20 + n**3/6 + n**2. Suppose 675*z + 3 = 672*z. Let q be ((16 + -14)*1/(-2))/z. What is y(q)?
-1
Let p(a) = a**3 + 19*a**2 + 61*a + 16. Suppose -14*l - 1500 = 86*l - 0*l. What is p(l)?
1
Let y(w) be the first derivative of w**4/4 + 7*w**3/3 - 7*w**2/2 + 13*w - 1951. Determine y(-8).
5
Let b(s) = 0 - 4*s**3 + 3*s**3 - 3*s**2 - 2. Let t(y) = -y**2 + 3*y + 101. Let m be t(0). Let p = -104 + m. Calculate b(p).
-2
Let d(m) = m**3 + m**2 + 2*m + 2. Let r be d(-1). Let y(c) = r*c - 8 + c - 5*c + 3*c. Determine y(-10).
2
Let u(f) = 2*f**2 - 3*f. Let r = -13641 - -13642. Calculate u(r).
-1
Let l(n) = -n + 4. Let d(w) = 27*w - 2. Let i be d(0). Let m be i/(-3 + 2) - (-9 - -7). What is l(m)?
0
Let p(l) = 3*l**3 - 2*l**3 - 6*l + 10 + 7*l**2 + 0*l**2. Suppose -4*m - 2*h = 36, -4*m + 18*h = 21*h + 38. Determine p(m).
-6
Let c(g) be the third derivative of g**5/60 - g**4/3 + 13*g**3/6 + g**2. Let z(x) = -11088*x + 199591. Let i be z(18). Determine c(i).
6
Let t = 5372 + -5365. Let i(a) = -3*a + 27. What is i(t)?
6
Let g(p) = -2*p + 3*p**2 - 11*p**2 - 1 - 6*p + p**3. Suppose -2*u + 101*w - 107*w = 12, -w - 14 = -u. What is g(u)?
8
Let s(n) be the first derivative of -n - 63 - 1/2*n**2. Let b(q) = -7*q**2. Let j be b(1). Determine s(j).
6
Let q(r) = 140*r + 140*r + 5*r**2 + 1 - 9 + 2 - 284*r. What is q(5)?
99
Let r(i) be the third derivative of -1/6*i**3 - 35/24*i**4 - 1 + 0*i - 2*i**2. Give r(-1).
34
Let g = -3 + 4. Let o(p) = -2*p**3 - 12*p**2 + p + 5. Let t(i) = 7*i**3 + 38*i**2 - 3*i - 16. Let a(b) = 19*o(b) + 6*t(b). What is a(g)?
4
Let p(a) = 6*a - 48. Let w be p(9). Let o(j) = 0*j - 8 + 5 - 4*j + w*j + 38. Determine o(-18).
-1
Let m = 22549 - 22552. Let w(a) = -15 + 4*a + 2*a + 14 - 2*a. Determine w(m).
-13
Suppose 792 = 18*x + 216. Let g(o) = o**3 - 33*o**2 + 31*o + 24. Determine g(x).
-8
Suppose 1431*h - 1713*h = 1128. Let a(l) = -3 + 5 + 3*l + 7. Give a(h).
-3
Let r = -646 - -670. Let i(u) = -3 - 22*u - r*u + 70*u - 6 - 22*u. Give i(3).
-3
Let z(b) = 4*b**2 + 17*b + 9. Let i(t) = t**3 + 16*t**2 + 79*t + 37. Let n(m) = -2*i(m) + 9*z(m). Determine n(2).
-3
Let b(w) = w**2 + 29*w + 160. Let t be b(-22). Let u(v) = 9*v - 47. Give u(t).
7
Let m(l) = 16451 + 9*l + l**2 - 32878 + 16439. Suppose 0 = 3*o - o + 12. Give m(o).
-6
Let j(s) = -5*s**2 + s - 3. Let r(o) = o**3 + 4*o**2 + 3. Let q(f) = -2*j(f) - 3*r(f). Let t be q(-2). Let h(v) = -28 + 13 + t + v**2 + 6*v. Determine h(-4).
-6
Let g(v) = 37*v + 391. Let k(h) = -13*h - 137. Let r(t) = 6*g(t) + 17*k(t). What is r(-19)?
-2
Let z be 18/10 + 9/45. Let d = -140 - -141. Let x(a) = d + 8*a + 3*a + 0*a. Determine x(z).
23
Let l(o) = -2*o**2 - 6*o + 588. Let z be l(-19). Let w(f) = -f - 37. G